{"id":746,"date":"2024-04-29T14:51:30","date_gmt":"2024-04-29T20:51:30","guid":{"rendered":"https:\/\/cajasdecartonenxalapa.com\/?page_id=746"},"modified":"2024-10-28T13:07:35","modified_gmt":"2024-10-28T19:07:35","slug":"informacion-importante","status":"publish","type":"page","link":"https:\/\/cajasdecartonenxalapa.com\/index.php\/informacion-importante\/","title":{"rendered":"Informaci\u00f3n importante"},"content":{"rendered":"<div class=\"wp-block-stackable-text stk-block-text stk-block stk-9021bde\" data-block-id=\"9021bde\"><p class=\"stk-block-text__text\"><\/p><\/div><div class=\"wp-block-stackable-text stk-block-text stk-block stk-e8e687e\" data-block-id=\"e8e687e\"><p class=\"stk-block-text__text\">Los precios publicados en esta p\u00e1gina no incluyen IVA<\/p><\/div><div class=\"wp-block-stackable-text stk-block-text stk-block stk-1bf3acf\" data-block-id=\"1bf3acf\"><p class=\"stk-block-text__text\">Los precios publicados en esta p\u00e1gina pueden no estar actualizados, para mayor informaci\u00f3n comun\u00edcate con nosotros v\u00eda WhatsApp<\/p><\/div><div class=\"wp-block-stackable-text stk-block-text stk-block stk-77e67b6\" data-block-id=\"77e67b6\"><p class=\"stk-block-text__text\">La presente p\u00e1gina solo es un medio de informaci\u00f3n y difusi\u00f3n de nuestros productos<\/p><\/div><div class=\"wp-block-stackable-text stk-block-text stk-block stk-c6d6980\" data-block-id=\"c6d6980\"><p class=\"stk-block-text__text\"><\/p><\/div>","protected":false},"excerpt":{"rendered":"<p>Los precios publicados en esta p\u00e1gina no incluyen IVA Los precios publicados en esta p\u00e1gina pueden no estar actualizados, para mayor informaci\u00f3n comun\u00edcate con nosotros v\u00eda WhatsApp La presente p\u00e1gina solo es un medio de informaci\u00f3n y difusi\u00f3n de nuestros productos<\/p>\n","protected":false},"author":1,"featured_media":0,"parent":0,"menu_order":0,"comment_status":"closed","ping_status":"closed","template":"","meta":{"footnotes":"[]"},"class_list":["post-746","page","type-page","status-publish","hentry"],"blocksy_meta":[],"_links":{"self":[{"href":"https:\/\/cajasdecartonenxalapa.com\/index.php\/wp-json\/wp\/v2\/pages\/746","targetHints":{"allow":["GET"]}}],"collection":[{"href":"https:\/\/cajasdecartonenxalapa.com\/index.php\/wp-json\/wp\/v2\/pages"}],"about":[{"href":"https:\/\/cajasdecartonenxalapa.com\/index.php\/wp-json\/wp\/v2\/types\/page"}],"author":[{"embeddable":true,"href":"https:\/\/cajasdecartonenxalapa.com\/index.php\/wp-json\/wp\/v2\/users\/1"}],"replies":[{"embeddable":true,"href":"https:\/\/cajasdecartonenxalapa.com\/index.php\/wp-json\/wp\/v2\/comments?post=746"}],"version-history":[{"count":3,"href":"https:\/\/cajasdecartonenxalapa.com\/index.php\/wp-json\/wp\/v2\/pages\/746\/revisions"}],"predecessor-version":[{"id":804,"href":"https:\/\/cajasdecartonenxalapa.com\/index.php\/wp-json\/wp\/v2\/pages\/746\/revisions\/804"}],"wp:attachment":[{"href":"https:\/\/cajasdecartonenxalapa.com\/index.php\/wp-json\/wp\/v2\/media?parent=746"}],"curies":[{"name":"wp","href":"https:\/\/api.w.org\/{rel}","templated":true}]}}